{"id":10364,"date":"2026-01-11T09:46:11","date_gmt":"2026-01-11T08:46:11","guid":{"rendered":"https:\/\/valasskemezirici.casd.cz\/?page_id=10364"},"modified":"2026-04-26T19:30:14","modified_gmt":"2026-04-26T17:30:14","slug":"archiv-kazani-2026","status":"publish","type":"page","link":"https:\/\/valasskemezirici.casd.cz\/?page_id=10364","title":{"rendered":"Archiv k\u00e1z\u00e1n\u00ed 2026"},"content":{"rendered":"<h4><a style=\"color: #000000;\" href=\"https:\/\/valasskemezirici.casd.cz\/wp-content\/uploads\/2026\/01\/2026-01-03-Hynek-Dona.pdf\" target=\"_blank\" rel=\"noopener\">3.ledna 2026 &#8211; Hynek Dona<\/a><\/h4>\n<h4><a style=\"color: #000000;\" href=\"https:\/\/valasskemezirici.casd.cz\/wp-content\/uploads\/2026\/01\/2026-01-10-Pavel_Pimek_mp3.mp3\" target=\"_blank\" rel=\"noopener\">10.ledna 2026 &#8211; Pavel Pimek<\/a><\/h4>\n<h4><a style=\"color: #000000;\" href=\"https:\/\/valasskemezirici.casd.cz\/wp-content\/uploads\/2026\/01\/2026-01-17-Bohumil-Mrocek.mp3\" target=\"_blank\" rel=\"noopener\">17.ledna 2026 &#8211; Bohumil Mro\u010dek<\/a><\/h4>\n<h4><a style=\"color: #000000;\" href=\"https:\/\/valasskemezirici.casd.cz\/wp-content\/uploads\/2026\/01\/2026-01-24-Hynek-Dona.mp3\" target=\"_blank\" rel=\"noopener\">24.ledna 2026 &#8211; Hynek Dona<\/a><\/h4>\n<h4><a style=\"color: #000000;\" href=\"https:\/\/valasskemezirici.casd.cz\/wp-content\/uploads\/2026\/01\/2026-01-31-Blanka-Novotna.mp3\" target=\"_blank\" rel=\"noopener\">31.ledna 2026 &#8211; Blanka Novotn\u00e1<\/a><\/h4>\n<h4><a style=\"color: #000000;\" href=\"https:\/\/valasskemezirici.casd.cz\/wp-content\/uploads\/2026\/02\/2026-02-07-Pavel-Zvolanek.mp3\" target=\"_blank\" rel=\"noopener\">7.\u00fanora 2026 &#8211; Pavel Zvol\u00e1nek&nbsp;<\/a><\/h4>\n<h4><a style=\"color: #000000;\" href=\"https:\/\/valasskemezirici.casd.cz\/wp-content\/uploads\/2026\/02\/2026-02-14-Zdenek-Kogut.mp3\" target=\"_blank\" rel=\"noopener\">14.\u00fanora 2026 &#8211; Zden\u011bk Kogut<\/a><\/h4>\n<h4><a style=\"color: #000000;\" href=\"https:\/\/valasskemezirici.casd.cz\/wp-content\/uploads\/2026\/02\/2026-02-21-Jiri-Kloda.mp3\" target=\"_blank\" rel=\"noopener\">21.\u00fanora 2026 &#8211; Ji\u0159\u00ed Kloda<\/a><\/h4>\n<h4><a style=\"color: #000000;\" href=\"https:\/\/valasskemezirici.casd.cz\/wp-content\/uploads\/2026\/02\/2026-02-28-Jaromir-Jurinek.ogg\" target=\"_blank\" rel=\"noopener\">28.\u00fanora 2026 &#8211; Jarom\u00edr Ju\u0159\u00ednek<\/a><\/h4>\n<h4><a style=\"color: #000000;\" href=\"https:\/\/valasskemezirici.casd.cz\/wp-content\/uploads\/2026\/03\/2026-03-07-Hynek-Dona-mp3.mp3\" target=\"_blank\" rel=\"noopener\">7.b\u0159ezna 2026 &#8211; Hynek Dona<\/a><\/h4>\n<h4><a style=\"color: #000000;\" href=\"https:\/\/valasskemezirici.casd.cz\/wp-content\/uploads\/2026\/03\/2026-03-14-Pavel-Pimek-ogg.ogg\" target=\"_blank\" rel=\"noopener\">14.b\u0159ezna 2026 &#8211; Pavel Pimek<\/a><\/h4>\n<h4><a style=\"color: #000000;\" href=\"https:\/\/valasskemezirici.casd.cz\/wp-content\/uploads\/2026\/03\/2026-03-28_Hynek_Dona-mp3.mp3\" target=\"_blank\" rel=\"noopener\">28.b\u0159ezna 2026 &#8211; Hynek Dona VP<\/a><\/h4>\n<h4><a style=\"color: #000000;\" href=\"https:\/\/valasskemezirici.casd.cz\/wp-content\/uploads\/2026\/04\/Kazani-Biblicke-zahrady.pdf\" target=\"_blank\" rel=\"noopener\">4.dubna 2026 &#8211; Ivana Ch\u00e1rov\u00e1<\/a><\/h4>\n<h4><a style=\"color: #000000;\" href=\"https:\/\/valasskemezirici.casd.cz\/wp-content\/uploads\/2026\/04\/2026-04-11-Bohumil-Mrocek.mp3\" target=\"_blank\" rel=\"noopener\">11.dubna 2026 &#8211; Bohumil Mro\u010dek<\/a><\/h4>\n<h4><a style=\"color: #000000;\" href=\"https:\/\/valasskemezirici.casd.cz\/wp-content\/uploads\/2026\/04\/2026-04-18_Jaromir_Jurinek-mp3.mp3\" target=\"_blank\" rel=\"noopener\">18.dubna 2026 &#8211; Jarom\u00edr Ju\u0159\u00ednek<\/a><\/h4>\n<h4><a style=\"color: #000000;\" href=\"https:\/\/valasskemezirici.casd.cz\/wp-content\/uploads\/2026\/04\/2026-04-25-Hynek-Dona-mp3.mp3\" target=\"_blank\" rel=\"noopener\">25.dubna 2026 &#8211; Hynek Dona<\/a><\/h4>\n","protected":false},"excerpt":{"rendered":"<p>3.ledna 2026 &#8211; Hynek Dona 10.ledna 2026 &#8211; Pavel Pimek 17.ledna 2026 &#8211; Bohumil Mro\u010dek 24.ledna 2026 &#8211; Hynek Dona 31.ledna 2026 &#8211; Blanka Novotn\u00e1 7.\u00fanora 2026 &#8211; Pavel Zvol\u00e1nek&nbsp; 14.\u00fanora 2026 &#8211; Zden\u011bk Kogut 21.\u00fanora 2026 &#8211; Ji\u0159\u00ed Kloda 28.\u00fanora 2026 &#8211; Jarom\u00edr Ju\u0159\u00ednek 7.b\u0159ezna 2026 &#8211; Hynek Dona 14.b\u0159ezna 2026 &#8211; Pavel Pimek [&hellip;]<\/p>\n","protected":false},"author":1,"featured_media":0,"parent":2372,"menu_order":0,"comment_status":"closed","ping_status":"closed","template":"","meta":{"ngg_post_thumbnail":0,"footnotes":""},"class_list":["post-10364","page","type-page","status-publish","hentry"],"_links":{"self":[{"href":"https:\/\/valasskemezirici.casd.cz\/index.php?rest_route=\/wp\/v2\/pages\/10364","targetHints":{"allow":["GET"]}}],"collection":[{"href":"https:\/\/valasskemezirici.casd.cz\/index.php?rest_route=\/wp\/v2\/pages"}],"about":[{"href":"https:\/\/valasskemezirici.casd.cz\/index.php?rest_route=\/wp\/v2\/types\/page"}],"author":[{"embeddable":true,"href":"https:\/\/valasskemezirici.casd.cz\/index.php?rest_route=\/wp\/v2\/users\/1"}],"replies":[{"embeddable":true,"href":"https:\/\/valasskemezirici.casd.cz\/index.php?rest_route=%2Fwp%2Fv2%2Fcomments&post=10364"}],"version-history":[{"count":5,"href":"https:\/\/valasskemezirici.casd.cz\/index.php?rest_route=\/wp\/v2\/pages\/10364\/revisions"}],"predecessor-version":[{"id":11208,"href":"https:\/\/valasskemezirici.casd.cz\/index.php?rest_route=\/wp\/v2\/pages\/10364\/revisions\/11208"}],"up":[{"embeddable":true,"href":"https:\/\/valasskemezirici.casd.cz\/index.php?rest_route=\/wp\/v2\/pages\/2372"}],"wp:attachment":[{"href":"https:\/\/valasskemezirici.casd.cz\/index.php?rest_route=%2Fwp%2Fv2%2Fmedia&parent=10364"}],"curies":[{"name":"wp","href":"https:\/\/api.w.org\/{rel}","templated":true}]}}

Archiv kázání 2026

<h4><a style="color: #000000;" href="https://valasskemezirici.casd.cz/wp-content/uploads/2026/01/2026-01-03-Hynek-Dona.pdf" target="_blank" rel="noopener">3.ledna 2026 &#8211; Hynek Dona</a></h4>
<h4><a style="color: #000000;" href="https://valasskemezirici.casd.cz/wp-content/uploads/2026/01/2026-01-10-Pavel_Pimek_mp3.mp3" target="_blank" rel="noopener">10.ledna 2026 &#8211; Pavel Pimek</a></h4>
<h4><a style="color: #000000;" href="https://valasskemezirici.casd.cz/wp-content/uploads/2026/01/2026-01-17-Bohumil-Mrocek.mp3" target="_blank" rel="noopener">17.ledna 2026 &#8211; Bohumil Mroček</a></h4>
<h4><a style="color: #000000;" href="https://valasskemezirici.casd.cz/wp-content/uploads/2026/01/2026-01-24-Hynek-Dona.mp3" target="_blank" rel="noopener">24.ledna 2026 &#8211; Hynek Dona</a></h4>
<h4><a style="color: #000000;" href="https://valasskemezirici.casd.cz/wp-content/uploads/2026/01/2026-01-31-Blanka-Novotna.mp3" target="_blank" rel="noopener">31.ledna 2026 &#8211; Blanka Novotná</a></h4>
<h4><a style="color: #000000;" href="https://valasskemezirici.casd.cz/wp-content/uploads/2026/02/2026-02-07-Pavel-Zvolanek.mp3" target="_blank" rel="noopener">7.února 2026 &#8211; Pavel Zvolánek&nbsp;</a></h4>
<h4><a style="color: #000000;" href="https://valasskemezirici.casd.cz/wp-content/uploads/2026/02/2026-02-14-Zdenek-Kogut.mp3" target="_blank" rel="noopener">14.února 2026 &#8211; Zdeněk Kogut</a></h4>
<h4><a style="color: #000000;" href="https://valasskemezirici.casd.cz/wp-content/uploads/2026/02/2026-02-21-Jiri-Kloda.mp3" target="_blank" rel="noopener">21.února 2026 &#8211; Jiří Kloda</a></h4>
<h4><a style="color: #000000;" href="https://valasskemezirici.casd.cz/wp-content/uploads/2026/02/2026-02-28-Jaromir-Jurinek.ogg" target="_blank" rel="noopener">28.února 2026 &#8211; Jaromír Juřínek</a></h4>
<h4><a style="color: #000000;" href="https://valasskemezirici.casd.cz/wp-content/uploads/2026/03/2026-03-07-Hynek-Dona-mp3.mp3" target="_blank" rel="noopener">7.března 2026 &#8211; Hynek Dona</a></h4>
<h4><a style="color: #000000;" href="https://valasskemezirici.casd.cz/wp-content/uploads/2026/03/2026-03-14-Pavel-Pimek-ogg.ogg" target="_blank" rel="noopener">14.března 2026 &#8211; Pavel Pimek</a></h4>
<h4><a style="color: #000000;" href="https://valasskemezirici.casd.cz/wp-content/uploads/2026/03/2026-03-28_Hynek_Dona-mp3.mp3" target="_blank" rel="noopener">28.března 2026 &#8211; Hynek Dona VP</a></h4>
<h4><a style="color: #000000;" href="https://valasskemezirici.casd.cz/wp-content/uploads/2026/04/Kazani-Biblicke-zahrady.pdf" target="_blank" rel="noopener">4.dubna 2026 &#8211; Ivana Chárová</a></h4>
<h4><a style="color: #000000;" href="https://valasskemezirici.casd.cz/wp-content/uploads/2026/04/2026-04-11-Bohumil-Mrocek.mp3" target="_blank" rel="noopener">11.dubna 2026 &#8211; Bohumil Mroček</a></h4>
<h4><a style="color: #000000;" href="https://valasskemezirici.casd.cz/wp-content/uploads/2026/04/2026-04-18_Jaromir_Jurinek-mp3.mp3" target="_blank" rel="noopener">18.dubna 2026 &#8211; Jaromír Juřínek</a></h4>
<h4><a style="color: #000000;" href="https://valasskemezirici.casd.cz/wp-content/uploads/2026/04/2026-04-25-Hynek-Dona-mp3.mp3" target="_blank" rel="noopener">25.dubna 2026 &#8211; Hynek Dona</a></h4>

<p>3.ledna 2026 &#8211; Hynek Dona 10.ledna 2026 &#8211; Pavel Pimek 17.ledna 2026 &#8211; Bohumil Mroček 24.ledna 2026 &#8211; Hynek Dona 31.ledna 2026 &#8211; Blanka Novotná 7.února 2026 &#8211; Pavel Zvolánek&nbsp; 14.února 2026 &#8211; Zdeněk Kogut 21.února 2026 &#8211; Jiří Kloda 28.února 2026 &#8211; Jaromír Juřínek 7.března 2026 &#8211; Hynek Dona 14.března 2026 &#8211; Pavel Pimek [&hellip;]</p>
