{"id":8952,"date":"2025-01-06T20:16:32","date_gmt":"2025-01-06T19:16:32","guid":{"rendered":"https:\/\/valasskemezirici.casd.cz\/?page_id=8952"},"modified":"2026-01-11T09:45:48","modified_gmt":"2026-01-11T08:45:48","slug":"archiv-kazani-2025","status":"publish","type":"page","link":"https:\/\/valasskemezirici.casd.cz\/?page_id=8952","title":{"rendered":"Archiv k\u00e1z\u00e1n\u00ed 2025"},"content":{"rendered":"<h4><a style=\"color: #000000;\" href=\"https:\/\/valasskemezirici.casd.cz\/wp-content\/uploads\/2025\/01\/2025-01-04_Hynek_Dona-mp3.mp3\" target=\"_blank\" rel=\"noopener\">4.ledna 2025 &#8211; Hynek Dona<\/a><\/h4>\n<h4><a style=\"color: #000000;\" href=\"https:\/\/valasskemezirici.casd.cz\/wp-content\/uploads\/2025\/01\/2025-01-11-Pavel-Pimek-mp3.mp3\" target=\"_blank\" rel=\"noopener\">11.ledna 2025 &#8211; Pavel Pimek<\/a><\/h4>\n<h4><a style=\"color: #000000;\" href=\"https:\/\/valasskemezirici.casd.cz\/wp-content\/uploads\/2025\/01\/2025-01-18_Lidka_Obadalova-mp3.mp3\" target=\"_blank\" rel=\"noopener\">17.ledna 2025 &#8211; Ludmila Obadalov\u00e1<\/a><\/h4>\n<h4><a style=\"color: #000000;\" href=\"https:\/\/valasskemezirici.casd.cz\/wp-content\/uploads\/2025\/02\/2025-01-25_Hynek_Dona_mp3.mp3\" target=\"_blank\" rel=\"noopener\">25.ledna 2025 Hynek Dona<\/a><\/h4>\n<h4><a style=\"color: #000000;\" href=\"https:\/\/valasskemezirici.casd.cz\/wp-content\/uploads\/2025\/02\/2025-02-01_Blanka_Novotna_mp3.mp3\" target=\"_blank\" rel=\"noopener\">1.\u00fanora 2025 &#8211; Blanka Novotn\u00e1<\/a><\/h4>\n<h4><a style=\"color: #000000;\" href=\"https:\/\/valasskemezirici.casd.cz\/wp-content\/uploads\/2025\/02\/2025-02-08-Miklas-mp3.mp3\" target=\"_blank\" rel=\"noopener\">8.\u00fanora 2025 &#8211; Martin Mikl\u00e1\u0161<\/a><\/h4>\n<h4><a style=\"color: #000000;\" href=\"https:\/\/valasskemezirici.casd.cz\/wp-content\/uploads\/2025\/02\/2025-02-15-Hynek-Dona-mp3.mp3\" target=\"_blank\" rel=\"noopener\">15.\u00fanora 2025 &#8211; Hynek Dona<\/a><\/h4>\n<h4><a style=\"color: #000000;\" href=\"https:\/\/valasskemezirici.casd.cz\/wp-content\/uploads\/2025\/02\/2025-02-22-Zdenek_Dlabaja-mp3.mp3\" target=\"_blank\" rel=\"noopener\">22.\u00fanora 2025 &#8211; Zden\u011bk Dlabaja<\/a><\/h4>\n<h4><a style=\"color: #000000;\" href=\"https:\/\/valasskemezirici.casd.cz\/wp-content\/uploads\/2025\/03\/2025-03-01-Bohumil-Mrocek-mp3.mp3\" target=\"_blank\" rel=\"noopener\">1.b\u0159ezna 2025 &#8211; Bohumil Mro\u010dek<\/a><\/h4>\n<h4><a style=\"color: #000000;\" href=\"https:\/\/valasskemezirici.casd.cz\/wp-content\/uploads\/2025\/03\/2025-03-08-Jaroslav-Stejskal-mp3.mp3\" target=\"_blank\" rel=\"noopener\">8.b\u0159ezna 2025 &#8211; Jaroslav Stejskal<\/a><\/h4>\n<h4><a style=\"color: #000000;\" href=\"https:\/\/valasskemezirici.casd.cz\/wp-content\/uploads\/2025\/03\/2025-03-15-Marek_Wagner-mp3.mp3\" target=\"_blank\" rel=\"noopener\">15.b\u0159ezna 2025 &#8211; Marek Wagner<\/a><\/h4>\n<h4><a style=\"color: #000000;\" href=\"https:\/\/valasskemezirici.casd.cz\/wp-content\/uploads\/2025\/03\/2025-03-22-Jiri_Kloda.mp3\" target=\"_blank\" rel=\"noopener\">22.b\u0159ezna 2025 &#8211; Ji\u0159\u00ed Kloda<\/a><\/h4>\n<h4><a style=\"color: #000000;\" href=\"https:\/\/valasskemezirici.casd.cz\/wp-content\/uploads\/2025\/04\/2025-03-29-Hynek_Dona_VP-mp3.mp3\" target=\"_blank\" rel=\"noopener\">29.b\u0159ezna 2025 &#8211; Hynek Dona VP<\/a><\/h4>\n<h4><a style=\"color: #000000;\" href=\"https:\/\/valasskemezirici.casd.cz\/wp-content\/uploads\/2025\/04\/2025-04-12-Hynek-Dona-mp3.mp3\" target=\"_blank\" rel=\"noopener\">12.dubna 2025- Hynek Dona<\/a><\/h4>\n<h4><a style=\"color: #000000;\" href=\"https:\/\/valasskemezirici.casd.cz\/wp-content\/uploads\/2025\/04\/2025-04-26-Kloda-mp3-1.mp3\" target=\"_blank\" rel=\"noopener\">26.dubna 2025 &#8211; Ji\u0159\u00ed Kloda&nbsp;<\/a><\/h4>\n<h4><a style=\"color: #000000;\" href=\"https:\/\/valasskemezirici.casd.cz\/wp-content\/uploads\/2025\/05\/2025-05-03-Adela_Vrablova-mp3.mp3\" target=\"_blank\" rel=\"noopener\">3.kv\u011btna 2025 &#8211; Ad\u00e9la Vr\u00e1blov\u00e1<\/a><\/h4>\n<h4><a style=\"color: #000000;\" href=\"https:\/\/valasskemezirici.casd.cz\/wp-content\/uploads\/2025\/05\/2025-05-10-Charova_mp3.mp3\" target=\"_blank\" rel=\"noopener\">10.kv\u011btna 2025 &#8211; Ivana Ch\u00e1rov\u00e1<\/a><\/h4>\n<h4><a style=\"color: #000000;\" href=\"https:\/\/valasskemezirici.casd.cz\/wp-content\/uploads\/2025\/05\/2025-05-17-Jurinek_mp3.mp3\" target=\"_blank\" rel=\"noopener\">17.kv\u011btna 2025 &#8211; Jarom\u00edr Ju\u0159\u00ednek<\/a><\/h4>\n<h4><a style=\"color: #000000;\" href=\"https:\/\/valasskemezirici.casd.cz\/wp-content\/uploads\/2025\/05\/2025-05-24-Marek-Harastej-kazani.mp3\" target=\"_blank\" rel=\"noopener\">25.kv\u011btna 2025 &#8211; Marek Harastej<\/a><\/h4>\n<h4><a style=\"color: #000000;\" href=\"https:\/\/valasskemezirici.casd.cz\/wp-content\/uploads\/2025\/06\/2025-06-07-Bohumil-Mrocek-mp3.mp3\" target=\"_blank\" rel=\"noopener\">7.\u010dervna 2025 &#8211; Bohumil Mro\u010dek<\/a><\/h4>\n<h4><a style=\"color: #000000;\" href=\"https:\/\/valasskemezirici.casd.cz\/wp-content\/uploads\/2025\/06\/2025-06-21-Hynek_Dona_VP.mp3\" target=\"_blank\" rel=\"noopener\">21.\u010dervna 2025 &#8211; Hynek Dona VP<\/a><\/h4>\n<h4><a style=\"color: #000000;\" href=\"https:\/\/valasskemezirici.casd.cz\/wp-content\/uploads\/2025\/06\/2025-06-28-Tomas_Kupcik.mp3\" target=\"_blank\" rel=\"noopener\">28.\u010dervna 2025- Tom\u00e1\u0161 Kup\u010d\u00edk<\/a><\/h4>\n<h4><a style=\"color: #000000;\" href=\"https:\/\/valasskemezirici.casd.cz\/wp-content\/uploads\/2025\/07\/2025-07-05-Adela_Vrablova-mp3.mp3\" target=\"_blank\" rel=\"noopener\">5.\u010dervence 2025 &#8211; Ad\u00e9la Vr\u00e1blov\u00e1<\/a><\/h4>\n<h4><a style=\"color: #000000;\" href=\"https:\/\/valasskemezirici.casd.cz\/wp-content\/uploads\/2025\/07\/2025-07-19_Pavel_Pimek_mp3.mp3\" target=\"_blank\" rel=\"noopener\">19.\u010dervence 2025 &#8211; Pavel Pimek<\/a><\/h4>\n<h4><a style=\"color: #000000;\" href=\"https:\/\/valasskemezirici.casd.cz\/wp-content\/uploads\/2025\/07\/2025-07-26_Hynek_Dona-mp3.mp3\" target=\"_blank\" rel=\"noopener\">26.\u010dervence 2025- Hynek Dona<\/a><\/h4>\n<h4><a style=\"color: #000000;\" href=\"https:\/\/valasskemezirici.casd.cz\/wp-content\/uploads\/2025\/08\/2025-08-02_Iva_Charova-mp3.mp3\" target=\"_blank\" rel=\"noopener\">2.srpna 2025 &#8211; Ivana Ch\u00e1rov\u00e1<\/a><\/h4>\n<h4><a style=\"color: #000000;\" href=\"https:\/\/valasskemezirici.casd.cz\/wp-content\/uploads\/2025\/08\/2025-08-23_Petr_Pimek-mp3.mp3\" target=\"_blank\" rel=\"noopener\">23.srpna 2025 &#8211; Petr Pimek<\/a><\/h4>\n<h4><a style=\"color: #000000;\" href=\"https:\/\/valasskemezirici.casd.cz\/wp-content\/uploads\/2025\/09\/2025-09-06-Hynek-Dona-VP-mp3.mp3\" target=\"_blank\" rel=\"noopener\">6.z\u00e1\u0159\u00ed 2025 &#8211; Hynek Dona VP<\/a><\/h4>\n<h4><a style=\"color: #000000;\" href=\"https:\/\/valasskemezirici.casd.cz\/wp-content\/uploads\/2025\/09\/2025-09-13-Milan-Drobik-mp3.mp3\" target=\"_blank\" rel=\"noopener\">13.z\u00e1\u0159\u00ed 2025 &#8211; Milan Drob\u00edk<\/a><\/h4>\n<h4><a style=\"color: #000000;\" href=\"https:\/\/valasskemezirici.casd.cz\/wp-content\/uploads\/2025\/09\/2025-09-27_Lidka_Obadalova-mp3.mp3\" target=\"_blank\" rel=\"noopener\">27.z\u00e1\u0159\u00ed 2025 &#8211; Ludmila Obadalov\u00e1<\/a><\/h4>\n<h4><a style=\"color: #000000;\" href=\"https:\/\/valasskemezirici.casd.cz\/wp-content\/uploads\/2025\/10\/2025-10-04_Ales_Zastera-mp3.mp3\" target=\"_blank\" rel=\"noopener\">4.\u0159\u00edjna 2025 &#8211; Ale\u0161 Z\u00e1st\u011bra &#8211; 95.v\u00fdro\u010d\u00ed sboru<\/a><\/h4>\n<h4><a style=\"color: #000000;\" href=\"https:\/\/valasskemezirici.casd.cz\/wp-content\/uploads\/2025\/10\/2025-10-11-Hynek_Dona-mp3.mp3\" target=\"_blank\" rel=\"noopener\">11.\u0159\u00edjna 2025 &#8211; Hynek Dona ve Vset\u00edn\u011b<\/a><\/h4>\n<h4><a style=\"color: #000000;\" href=\"https:\/\/valasskemezirici.casd.cz\/wp-content\/uploads\/2025\/10\/2025-10-18_Hynek_Dona_mp3.mp3\" target=\"_blank\" rel=\"noopener\">18.\u0159\u00edjna 2025 &#8211; Hynek Dona &#8211; D\u00edkuvzd\u00e1n\u00ed<\/a><\/h4>\n<h4><a style=\"color: #000000;\" href=\"https:\/\/valasskemezirici.casd.cz\/wp-content\/uploads\/2025\/10\/2025-10-25_Jaromir_Jurinek-mp3.mp3\" target=\"_blank\" rel=\"noopener\">25.\u0159\u00edjna 2025 &#8211; Jarom\u00edr Ju\u0159\u00ednek<\/a><\/h4>\n<h4><a style=\"color: #000000;\" href=\"https:\/\/valasskemezirici.casd.cz\/wp-content\/uploads\/2025\/11\/2025-11-08_Hynek_Dona-mp3.mp3\" target=\"_blank\" rel=\"noopener\">&nbsp;8.listopadu 2025 &#8211; Hynek Dona &#8211; konec MT<\/a><\/h4>\n<h4><a style=\"color: #000000;\" href=\"https:\/\/valasskemezirici.casd.cz\/wp-content\/uploads\/2025\/11\/2025-11-15-Jiri-Kloda-mp3.mp3\" target=\"_blank\" rel=\"noopener\">15.listopadu 2025 &#8211; Ji\u0159\u00ed Kloda<\/a><\/h4>\n<h4><a style=\"color: #000000;\" href=\"https:\/\/valasskemezirici.casd.cz\/wp-content\/uploads\/2025\/11\/2025-11-22_Adela_Vrablova-mp3.mp3\" target=\"_blank\" rel=\"noopener\">22.listopadu 2025 &#8211; Ad\u00e9la Vr\u00e1blov\u00e1<\/a><\/h4>\n<h4><a style=\"color: #000000;\" href=\"https:\/\/valasskemezirici.casd.cz\/wp-content\/uploads\/2025\/12\/2025-12-06-Iva-Charova-mp3.mp3\" target=\"_blank\" rel=\"noopener\">6.prosince 2025 &#8211; Ivana Ch\u00e1rov\u00e1<\/a><\/h4>\n<h4><a style=\"color: #000000;\" href=\"https:\/\/valasskemezirici.casd.cz\/wp-content\/uploads\/2025\/12\/2025-12-13-Bohumil_Mrocek-mp3.mp3\" target=\"_blank\" rel=\"noopener\">13.prosince 2025 &#8211; Bohumil Mro\u010dek<\/a><\/h4>\n<h4><a style=\"color: #000000;\" href=\"https:\/\/valasskemezirici.casd.cz\/wp-content\/uploads\/2025\/12\/2025-12-20_Pavel_Pimek-mp3.mp3\" target=\"_blank\" rel=\"noopener\">20.prosince 2025 &#8211; Pavel Pimek<\/a><\/h4>\n","protected":false},"excerpt":{"rendered":"<p>4.ledna 2025 &#8211; Hynek Dona 11.ledna 2025 &#8211; Pavel Pimek 17.ledna 2025 &#8211; Ludmila Obadalov\u00e1 25.ledna 2025 Hynek Dona 1.\u00fanora 2025 &#8211; Blanka Novotn\u00e1 8.\u00fanora 2025 &#8211; Martin Mikl\u00e1\u0161 15.\u00fanora 2025 &#8211; Hynek Dona 22.\u00fanora 2025 &#8211; Zden\u011bk Dlabaja 1.b\u0159ezna 2025 &#8211; Bohumil Mro\u010dek 8.b\u0159ezna 2025 &#8211; Jaroslav Stejskal 15.b\u0159ezna 2025 &#8211; Marek Wagner 22.b\u0159ezna [&hellip;]<\/p>\n","protected":false},"author":1,"featured_media":0,"parent":2372,"menu_order":1,"comment_status":"closed","ping_status":"closed","template":"","meta":{"ngg_post_thumbnail":0,"footnotes":""},"class_list":["post-8952","page","type-page","status-publish","hentry"],"_links":{"self":[{"href":"https:\/\/valasskemezirici.casd.cz\/index.php?rest_route=\/wp\/v2\/pages\/8952","targetHints":{"allow":["GET"]}}],"collection":[{"href":"https:\/\/valasskemezirici.casd.cz\/index.php?rest_route=\/wp\/v2\/pages"}],"about":[{"href":"https:\/\/valasskemezirici.casd.cz\/index.php?rest_route=\/wp\/v2\/types\/page"}],"author":[{"embeddable":true,"href":"https:\/\/valasskemezirici.casd.cz\/index.php?rest_route=\/wp\/v2\/users\/1"}],"replies":[{"embeddable":true,"href":"https:\/\/valasskemezirici.casd.cz\/index.php?rest_route=%2Fwp%2Fv2%2Fcomments&post=8952"}],"version-history":[{"count":5,"href":"https:\/\/valasskemezirici.casd.cz\/index.php?rest_route=\/wp\/v2\/pages\/8952\/revisions"}],"predecessor-version":[{"id":10308,"href":"https:\/\/valasskemezirici.casd.cz\/index.php?rest_route=\/wp\/v2\/pages\/8952\/revisions\/10308"}],"up":[{"embeddable":true,"href":"https:\/\/valasskemezirici.casd.cz\/index.php?rest_route=\/wp\/v2\/pages\/2372"}],"wp:attachment":[{"href":"https:\/\/valasskemezirici.casd.cz\/index.php?rest_route=%2Fwp%2Fv2%2Fmedia&parent=8952"}],"curies":[{"name":"wp","href":"https:\/\/api.w.org\/{rel}","templated":true}]}}

Archiv kázání 2025

<h4><a style="color: #000000;" href="https://valasskemezirici.casd.cz/wp-content/uploads/2025/01/2025-01-04_Hynek_Dona-mp3.mp3" target="_blank" rel="noopener">4.ledna 2025 &#8211; Hynek Dona</a></h4>
<h4><a style="color: #000000;" href="https://valasskemezirici.casd.cz/wp-content/uploads/2025/01/2025-01-11-Pavel-Pimek-mp3.mp3" target="_blank" rel="noopener">11.ledna 2025 &#8211; Pavel Pimek</a></h4>
<h4><a style="color: #000000;" href="https://valasskemezirici.casd.cz/wp-content/uploads/2025/01/2025-01-18_Lidka_Obadalova-mp3.mp3" target="_blank" rel="noopener">17.ledna 2025 &#8211; Ludmila Obadalová</a></h4>
<h4><a style="color: #000000;" href="https://valasskemezirici.casd.cz/wp-content/uploads/2025/02/2025-01-25_Hynek_Dona_mp3.mp3" target="_blank" rel="noopener">25.ledna 2025 Hynek Dona</a></h4>
<h4><a style="color: #000000;" href="https://valasskemezirici.casd.cz/wp-content/uploads/2025/02/2025-02-01_Blanka_Novotna_mp3.mp3" target="_blank" rel="noopener">1.února 2025 &#8211; Blanka Novotná</a></h4>
<h4><a style="color: #000000;" href="https://valasskemezirici.casd.cz/wp-content/uploads/2025/02/2025-02-08-Miklas-mp3.mp3" target="_blank" rel="noopener">8.února 2025 &#8211; Martin Mikláš</a></h4>
<h4><a style="color: #000000;" href="https://valasskemezirici.casd.cz/wp-content/uploads/2025/02/2025-02-15-Hynek-Dona-mp3.mp3" target="_blank" rel="noopener">15.února 2025 &#8211; Hynek Dona</a></h4>
<h4><a style="color: #000000;" href="https://valasskemezirici.casd.cz/wp-content/uploads/2025/02/2025-02-22-Zdenek_Dlabaja-mp3.mp3" target="_blank" rel="noopener">22.února 2025 &#8211; Zdeněk Dlabaja</a></h4>
<h4><a style="color: #000000;" href="https://valasskemezirici.casd.cz/wp-content/uploads/2025/03/2025-03-01-Bohumil-Mrocek-mp3.mp3" target="_blank" rel="noopener">1.března 2025 &#8211; Bohumil Mroček</a></h4>
<h4><a style="color: #000000;" href="https://valasskemezirici.casd.cz/wp-content/uploads/2025/03/2025-03-08-Jaroslav-Stejskal-mp3.mp3" target="_blank" rel="noopener">8.března 2025 &#8211; Jaroslav Stejskal</a></h4>
<h4><a style="color: #000000;" href="https://valasskemezirici.casd.cz/wp-content/uploads/2025/03/2025-03-15-Marek_Wagner-mp3.mp3" target="_blank" rel="noopener">15.března 2025 &#8211; Marek Wagner</a></h4>
<h4><a style="color: #000000;" href="https://valasskemezirici.casd.cz/wp-content/uploads/2025/03/2025-03-22-Jiri_Kloda.mp3" target="_blank" rel="noopener">22.března 2025 &#8211; Jiří Kloda</a></h4>
<h4><a style="color: #000000;" href="https://valasskemezirici.casd.cz/wp-content/uploads/2025/04/2025-03-29-Hynek_Dona_VP-mp3.mp3" target="_blank" rel="noopener">29.března 2025 &#8211; Hynek Dona VP</a></h4>
<h4><a style="color: #000000;" href="https://valasskemezirici.casd.cz/wp-content/uploads/2025/04/2025-04-12-Hynek-Dona-mp3.mp3" target="_blank" rel="noopener">12.dubna 2025- Hynek Dona</a></h4>
<h4><a style="color: #000000;" href="https://valasskemezirici.casd.cz/wp-content/uploads/2025/04/2025-04-26-Kloda-mp3-1.mp3" target="_blank" rel="noopener">26.dubna 2025 &#8211; Jiří Kloda&nbsp;</a></h4>
<h4><a style="color: #000000;" href="https://valasskemezirici.casd.cz/wp-content/uploads/2025/05/2025-05-03-Adela_Vrablova-mp3.mp3" target="_blank" rel="noopener">3.května 2025 &#8211; Adéla Vráblová</a></h4>
<h4><a style="color: #000000;" href="https://valasskemezirici.casd.cz/wp-content/uploads/2025/05/2025-05-10-Charova_mp3.mp3" target="_blank" rel="noopener">10.května 2025 &#8211; Ivana Chárová</a></h4>
<h4><a style="color: #000000;" href="https://valasskemezirici.casd.cz/wp-content/uploads/2025/05/2025-05-17-Jurinek_mp3.mp3" target="_blank" rel="noopener">17.května 2025 &#8211; Jaromír Juřínek</a></h4>
<h4><a style="color: #000000;" href="https://valasskemezirici.casd.cz/wp-content/uploads/2025/05/2025-05-24-Marek-Harastej-kazani.mp3" target="_blank" rel="noopener">25.května 2025 &#8211; Marek Harastej</a></h4>
<h4><a style="color: #000000;" href="https://valasskemezirici.casd.cz/wp-content/uploads/2025/06/2025-06-07-Bohumil-Mrocek-mp3.mp3" target="_blank" rel="noopener">7.června 2025 &#8211; Bohumil Mroček</a></h4>
<h4><a style="color: #000000;" href="https://valasskemezirici.casd.cz/wp-content/uploads/2025/06/2025-06-21-Hynek_Dona_VP.mp3" target="_blank" rel="noopener">21.června 2025 &#8211; Hynek Dona VP</a></h4>
<h4><a style="color: #000000;" href="https://valasskemezirici.casd.cz/wp-content/uploads/2025/06/2025-06-28-Tomas_Kupcik.mp3" target="_blank" rel="noopener">28.června 2025- Tomáš Kupčík</a></h4>
<h4><a style="color: #000000;" href="https://valasskemezirici.casd.cz/wp-content/uploads/2025/07/2025-07-05-Adela_Vrablova-mp3.mp3" target="_blank" rel="noopener">5.července 2025 &#8211; Adéla Vráblová</a></h4>
<h4><a style="color: #000000;" href="https://valasskemezirici.casd.cz/wp-content/uploads/2025/07/2025-07-19_Pavel_Pimek_mp3.mp3" target="_blank" rel="noopener">19.července 2025 &#8211; Pavel Pimek</a></h4>
<h4><a style="color: #000000;" href="https://valasskemezirici.casd.cz/wp-content/uploads/2025/07/2025-07-26_Hynek_Dona-mp3.mp3" target="_blank" rel="noopener">26.července 2025- Hynek Dona</a></h4>
<h4><a style="color: #000000;" href="https://valasskemezirici.casd.cz/wp-content/uploads/2025/08/2025-08-02_Iva_Charova-mp3.mp3" target="_blank" rel="noopener">2.srpna 2025 &#8211; Ivana Chárová</a></h4>
<h4><a style="color: #000000;" href="https://valasskemezirici.casd.cz/wp-content/uploads/2025/08/2025-08-23_Petr_Pimek-mp3.mp3" target="_blank" rel="noopener">23.srpna 2025 &#8211; Petr Pimek</a></h4>
<h4><a style="color: #000000;" href="https://valasskemezirici.casd.cz/wp-content/uploads/2025/09/2025-09-06-Hynek-Dona-VP-mp3.mp3" target="_blank" rel="noopener">6.září 2025 &#8211; Hynek Dona VP</a></h4>
<h4><a style="color: #000000;" href="https://valasskemezirici.casd.cz/wp-content/uploads/2025/09/2025-09-13-Milan-Drobik-mp3.mp3" target="_blank" rel="noopener">13.září 2025 &#8211; Milan Drobík</a></h4>
<h4><a style="color: #000000;" href="https://valasskemezirici.casd.cz/wp-content/uploads/2025/09/2025-09-27_Lidka_Obadalova-mp3.mp3" target="_blank" rel="noopener">27.září 2025 &#8211; Ludmila Obadalová</a></h4>
<h4><a style="color: #000000;" href="https://valasskemezirici.casd.cz/wp-content/uploads/2025/10/2025-10-04_Ales_Zastera-mp3.mp3" target="_blank" rel="noopener">4.října 2025 &#8211; Aleš Zástěra &#8211; 95.výročí sboru</a></h4>
<h4><a style="color: #000000;" href="https://valasskemezirici.casd.cz/wp-content/uploads/2025/10/2025-10-11-Hynek_Dona-mp3.mp3" target="_blank" rel="noopener">11.října 2025 &#8211; Hynek Dona ve Vsetíně</a></h4>
<h4><a style="color: #000000;" href="https://valasskemezirici.casd.cz/wp-content/uploads/2025/10/2025-10-18_Hynek_Dona_mp3.mp3" target="_blank" rel="noopener">18.října 2025 &#8211; Hynek Dona &#8211; Díkuvzdání</a></h4>
<h4><a style="color: #000000;" href="https://valasskemezirici.casd.cz/wp-content/uploads/2025/10/2025-10-25_Jaromir_Jurinek-mp3.mp3" target="_blank" rel="noopener">25.října 2025 &#8211; Jaromír Juřínek</a></h4>
<h4><a style="color: #000000;" href="https://valasskemezirici.casd.cz/wp-content/uploads/2025/11/2025-11-08_Hynek_Dona-mp3.mp3" target="_blank" rel="noopener">&nbsp;8.listopadu 2025 &#8211; Hynek Dona &#8211; konec MT</a></h4>
<h4><a style="color: #000000;" href="https://valasskemezirici.casd.cz/wp-content/uploads/2025/11/2025-11-15-Jiri-Kloda-mp3.mp3" target="_blank" rel="noopener">15.listopadu 2025 &#8211; Jiří Kloda</a></h4>
<h4><a style="color: #000000;" href="https://valasskemezirici.casd.cz/wp-content/uploads/2025/11/2025-11-22_Adela_Vrablova-mp3.mp3" target="_blank" rel="noopener">22.listopadu 2025 &#8211; Adéla Vráblová</a></h4>
<h4><a style="color: #000000;" href="https://valasskemezirici.casd.cz/wp-content/uploads/2025/12/2025-12-06-Iva-Charova-mp3.mp3" target="_blank" rel="noopener">6.prosince 2025 &#8211; Ivana Chárová</a></h4>
<h4><a style="color: #000000;" href="https://valasskemezirici.casd.cz/wp-content/uploads/2025/12/2025-12-13-Bohumil_Mrocek-mp3.mp3" target="_blank" rel="noopener">13.prosince 2025 &#8211; Bohumil Mroček</a></h4>
<h4><a style="color: #000000;" href="https://valasskemezirici.casd.cz/wp-content/uploads/2025/12/2025-12-20_Pavel_Pimek-mp3.mp3" target="_blank" rel="noopener">20.prosince 2025 &#8211; Pavel Pimek</a></h4>

<p>4.ledna 2025 &#8211; Hynek Dona 11.ledna 2025 &#8211; Pavel Pimek 17.ledna 2025 &#8211; Ludmila Obadalová 25.ledna 2025 Hynek Dona 1.února 2025 &#8211; Blanka Novotná 8.února 2025 &#8211; Martin Mikláš 15.února 2025 &#8211; Hynek Dona 22.února 2025 &#8211; Zdeněk Dlabaja 1.března 2025 &#8211; Bohumil Mroček 8.března 2025 &#8211; Jaroslav Stejskal 15.března 2025 &#8211; Marek Wagner 22.března [&hellip;]</p>
